{"id":162,"date":"2020-08-19T10:21:51","date_gmt":"2020-08-19T10:21:51","guid":{"rendered":"https:\/\/demo.casethemes.net\/bixol\/?page_id=162"},"modified":"2025-07-05T13:58:16","modified_gmt":"2025-07-05T10:58:16","slug":"about-2","status":"publish","type":"page","link":"https:\/\/noktakoltukyikama.com.tr\/?page_id=162","title":{"rendered":"Hakk\u0131m\u0131zda"},"content":{"rendered":"\t\t<div data-elementor-type=\"wp-page\" data-elementor-id=\"162\" class=\"elementor elementor-162\">\n\t\t\t\t        <section class=\"elementor-section elementor-top-section elementor-element elementor-element-231bc100 elementor-section-stretched elementor-section-boxed elementor-section-height-default elementor-section-height-default ct-header-fixed-none pxl-divider-none\" data-id=\"231bc100\" data-element_type=\"section\" data-settings=\"{&quot;stretch_section&quot;:&quot;section-stretched&quot;,&quot;background_background&quot;:&quot;classic&quot;}\">\n            \n                        <div class=\"elementor-container elementor-column-gap-extended \">\n                    <div class=\"elementor-column elementor-col-100 elementor-top-column elementor-element elementor-element-686903aa\" data-id=\"686903aa\" data-element_type=\"column\">\n        <div class=\"elementor-widget-wrap elementor-element-populated\">\n                    \n                <section class=\"elementor-section elementor-inner-section elementor-element elementor-element-a9461f9 elementor-section-content-middle elementor-section-boxed elementor-section-height-default elementor-section-height-default ct-header-fixed-none pxl-divider-none\" data-id=\"a9461f9\" data-element_type=\"section\">\n            \n                        <div class=\"elementor-container elementor-column-gap-extended \">\n                    <div class=\"elementor-column elementor-col-50 elementor-inner-column elementor-element elementor-element-e8f1d72\" data-id=\"e8f1d72\" data-element_type=\"column\">\n        <div class=\"elementor-widget-wrap elementor-element-populated\">\n                    \n        \t\t<div class=\"elementor-element elementor-element-f104d39 elementor-widget elementor-widget-ct_heading\" data-id=\"f104d39\" data-element_type=\"widget\" data-widget_type=\"ct_heading.default\">\n\t\t\t\t<div class=\"elementor-widget-container\">\n\t\t\t\t\t<div id=\"ct_heading-f104d39\" class=\"ct-heading h-align- ct-heading-left item-st-default\">\r\n\t<div class=\"ct-heading--inner\">\r\n        <div class=\"ct-inline-css\"  data-css=\"\r\n            \">\r\n        <\/div>\r\n            \t\t<div class=\"item--sub-title st-default \" data-wow-delay=\"ms\">\r\n                <div class=\"item--sub-title-inner\">\r\n                                            <div class=\"icon-sub-title\">\r\n                            <svg version=\"1.0\" xmlns=\"http:\/\/www.w3.org\/2000\/svg\" viewBox=\"0 0 382.000000 382.000000\" preserveAspectRatio=\"xMidYMid meet\">\r\n                                <defs>\r\n                                    <linearGradient id=\"sub-icon1\" x1=\"0%\" y1=\"0%\" x2=\"0%\" y2=\"100%\">\r\n                                          <stop offset=\"0%\" style=\"stop-color:#0431b8;stop-opacity:1\" \/>\r\n                                          <stop offset=\"100%\" style=\"stop-color:#007cfb;stop-opacity:1\" \/>\r\n                                    <\/linearGradient>\r\n                                  <\/defs>\r\n                                <g fill=\"url(#sub-icon1)\" transform=\"translate(0.000000,382.000000) scale(0.100000,-0.100000)\" fill=\"#000000\" stroke=\"none\"><path d=\"M1856 3797 c-20 -20 -23 -36 -29 -142 -50 -901 -761 -1612 -1662 -1662 -106 -6 -122 -9 -142 -29 -30 -30 -30 -78 0 -108 20 -20 36 -23 142 -29 901 -50 1612 -761 1662 -1662 6 -106 9 -122 29 -142 30 -30 78 -30 108 0 20 20 23 36 29 142 50 901 761 1612 1662 1662 106 6 122 9 142 29 30 30 30 78 0 108 -20 20 -36 23 -142 29 -901 50 -1612 761 -1662 1662 -6 106 -9 122 -29 142 -14 14 -35 23 -54 23 -19 0 -40 -9 -54 -23z\"\/><\/g>\r\n                            <\/svg>\r\n                            <svg version=\"1.0\" xmlns=\"http:\/\/www.w3.org\/2000\/svg\" viewBox=\"0 0 382.000000 382.000000\" preserveAspectRatio=\"xMidYMid meet\">\r\n                                <defs>\r\n                                    <linearGradient id=\"sub-icon2\" x1=\"0%\" y1=\"0%\" x2=\"0%\" y2=\"100%\">\r\n                                          <stop offset=\"0%\" style=\"stop-color:#0431b8;stop-opacity:1\" \/>\r\n                                          <stop offset=\"100%\" style=\"stop-color:#007cfb;stop-opacity:1\" \/>\r\n                                    <\/linearGradient>\r\n                                  <\/defs>\r\n                                <g fill=\"url(#sub-icon2)\" transform=\"translate(0.000000,382.000000) scale(0.100000,-0.100000)\" fill=\"#000000\" stroke=\"none\"><path d=\"M1856 3797 c-20 -20 -23 -36 -29 -142 -50 -901 -761 -1612 -1662 -1662 -106 -6 -122 -9 -142 -29 -30 -30 -30 -78 0 -108 20 -20 36 -23 142 -29 901 -50 1612 -761 1662 -1662 6 -106 9 -122 29 -142 30 -30 78 -30 108 0 20 20 23 36 29 142 50 901 761 1612 1662 1662 106 6 122 9 142 29 30 30 30 78 0 108 -20 20 -36 23 -142 29 -901 50 -1612 761 -1662 1662 -6 106 -9 122 -29 142 -14 14 -35 23 -54 23 -19 0 -40 -9 -54 -23z\"\/><\/g>\r\n                            <\/svg>\r\n                            <svg version=\"1.0\" xmlns=\"http:\/\/www.w3.org\/2000\/svg\" viewBox=\"0 0 382.000000 382.000000\" preserveAspectRatio=\"xMidYMid meet\">\r\n                                <defs>\r\n                                    <linearGradient id=\"sub-icon3\" x1=\"0%\" y1=\"0%\" x2=\"0%\" y2=\"100%\">\r\n                                          <stop offset=\"0%\" style=\"stop-color:#0431b8;stop-opacity:1\" \/>\r\n                                          <stop offset=\"100%\" style=\"stop-color:#007cfb;stop-opacity:1\" \/>\r\n                                    <\/linearGradient>\r\n                                  <\/defs>\r\n                                <g fill=\"url(#sub-icon3)\" transform=\"translate(0.000000,382.000000) scale(0.100000,-0.100000)\" fill=\"#000000\" stroke=\"none\"><path d=\"M1856 3797 c-20 -20 -23 -36 -29 -142 -50 -901 -761 -1612 -1662 -1662 -106 -6 -122 -9 -142 -29 -30 -30 -30 -78 0 -108 20 -20 36 -23 142 -29 901 -50 1612 -761 1662 -1662 6 -106 9 -122 29 -142 30 -30 78 -30 108 0 20 20 23 36 29 142 50 901 761 1612 1662 1662 106 6 122 9 142 29 30 30 30 78 0 108 -20 20 -36 23 -142 29 -901 50 -1612 761 -1662 1662 -6 106 -9 122 -29 142 -14 14 -35 23 -54 23 -19 0 -40 -9 -54 -23z\"\/><\/g>\r\n                            <\/svg>\r\n                        <\/div>\r\n                                        Hakk\u0131m\u0131zda-Vizyon-Misyon                <\/div>\r\n            <\/div>\r\n    \t        <h3 class=\"item--title  st-default \" data-wow-delay=\"ms\">\r\n            <span class=\"ct-text-inner\">NOKTA KOLTUK YIKAMA<\/span>        <\/h3>\r\n    <\/div>\r\n<\/div>\t\t\t\t<\/div>\n\t\t\t\t<\/div>\n\t\t            <\/div>\n        <\/div>\n                <div class=\"elementor-column elementor-col-50 elementor-inner-column elementor-element elementor-element-717f53d\" data-id=\"717f53d\" data-element_type=\"column\">\n        <div class=\"elementor-widget-wrap elementor-element-populated\">\n                    \n        \t\t<div class=\"elementor-element elementor-element-9320081 elementor-widget elementor-widget-ct_text_editor\" data-id=\"9320081\" data-element_type=\"widget\" data-widget_type=\"ct_text_editor.default\">\n\t\t\t\t<div class=\"elementor-widget-container\">\n\t\t\t\t\t<div id=\"ct_text_editor-9320081\" class=\"ct-text-editor \" data-wow-delay=\"ms\">\n\t<div class=\"ct-item--inner\">\n\t\t<div class=\"ct-inline-css\"  data-css=\"\n\t        \t\t\t\">\n\n\t    <\/div>\n\t\t<div class=\"ct-text-editor elementor-clearfix\">\n\t\t\t<p data-start=\"253\" data-end=\"471\">Nokta Koltuk Y\u0131kama olarak, ya\u015fam alanlar\u0131n\u0131z\u0131 daha sa\u011fl\u0131kl\u0131 ve hijyenik hale getirmek amac\u0131yla \u00e7\u0131kt\u0131\u011f\u0131m\u0131z bu yolda, koltuk y\u0131kama hizmetini bir temizlik i\u015fleminden \u00f6te, bir ya\u015fam kalitesi standard\u0131 olarak g\u00f6r\u00fcyoruz.<\/p><p data-start=\"473\" data-end=\"774\">Evlerinizde, ofislerinizde, otel ve i\u015f yerlerinizde kullan\u0131lan koltuklar; zamanla toz, bakteri, mite ve lekelerle dolarak hem g\u00f6r\u00fcnt\u00fc hem de sa\u011fl\u0131k a\u00e7\u0131s\u0131ndan risk olu\u015fturabilir. Biz, tam da bu noktada devreye giriyor ve koltuklar\u0131n\u0131z\u0131 ilk g\u00fcnk\u00fc temizli\u011fine, tazeli\u011fine ve ferahl\u0131\u011f\u0131na kavu\u015fturuyoruz.<\/p><p data-start=\"776\" data-end=\"1004\">Y\u00fczeysel de\u011fil, derinlemesine temizlik anlay\u0131\u015f\u0131yla \u00e7al\u0131\u015f\u0131yor; kuma\u015f t\u00fcr\u00fcne ve koltuk yap\u0131s\u0131na \u00f6zel y\u00f6ntemlerle hijyeni sa\u011fl\u0131yoruz. Kullanm\u0131\u015f oldu\u011fumuz \u00f6zel temizlik \u00fcr\u00fcnleri, hem \u00e7evre dostu hem de insan sa\u011fl\u0131\u011f\u0131na zarars\u0131zd\u0131r.<\/p><p data-start=\"1006\" data-end=\"1262\">Sadece koltuk y\u0131kamakla kalm\u0131yor, ayn\u0131 zamanda g\u00fcven veriyor, zaman\u0131nda hizmet sa\u011fl\u0131yor ve m\u00fc\u015fteri memnuniyetini her zaman \u00f6nceli\u011fimiz olarak g\u00f6r\u00fcyoruz.<br data-start=\"1158\" data-end=\"1161\" \/>Her m\u00fc\u015fterimize \u00f6zel ilgi g\u00f6steriyor, \u201cm\u00fc\u015fteri de\u011fil, \u00e7\u00f6z\u00fcm orta\u011f\u0131m\u0131z\u201d felsefesiyle hizmet sunuyoruz.<\/p>\t\t\n\t\t<\/div>\n\t<\/div>\n<\/div>\t\t\t\t<\/div>\n\t\t\t\t<\/div>\n\t\t            <\/div>\n        <\/div>\n                    <\/div>\n        <\/section>\n                    <\/div>\n        <\/div>\n                    <\/div>\n        <\/section>\n        \t\t<\/div>\n\t\t","protected":false},"excerpt":{"rendered":"<p>Hakk\u0131m\u0131zda-Vizyon-Misyon NOKTA KOLTUK YIKAMA Nokta Koltuk Y\u0131kama olarak, ya\u015fam alanlar\u0131n\u0131z\u0131 daha sa\u011fl\u0131kl\u0131 ve hijyenik hale getirmek amac\u0131yla \u00e7\u0131kt\u0131\u011f\u0131m\u0131z bu yolda, koltuk y\u0131kama hizmetini bir temizlik i\u015fleminden \u00f6te, bir ya\u015fam kalitesi standard\u0131 olarak g\u00f6r\u00fcyoruz. Evlerinizde, ofislerinizde, otel ve i\u015f yerlerinizde kullan\u0131lan koltuklar; zamanla toz, bakteri, mite ve lekelerle dolarak hem g\u00f6r\u00fcnt\u00fc hem de sa\u011fl\u0131k a\u00e7\u0131s\u0131ndan risk [&hellip;]<\/p>\n","protected":false},"author":1,"featured_media":0,"parent":0,"menu_order":0,"comment_status":"closed","ping_status":"closed","template":"","meta":{"footnotes":""},"class_list":["post-162","page","type-page","status-publish","hentry"],"_links":{"self":[{"href":"https:\/\/noktakoltukyikama.com.tr\/index.php?rest_route=\/wp\/v2\/pages\/162","targetHints":{"allow":["GET"]}}],"collection":[{"href":"https:\/\/noktakoltukyikama.com.tr\/index.php?rest_route=\/wp\/v2\/pages"}],"about":[{"href":"https:\/\/noktakoltukyikama.com.tr\/index.php?rest_route=\/wp\/v2\/types\/page"}],"author":[{"embeddable":true,"href":"https:\/\/noktakoltukyikama.com.tr\/index.php?rest_route=\/wp\/v2\/users\/1"}],"replies":[{"embeddable":true,"href":"https:\/\/noktakoltukyikama.com.tr\/index.php?rest_route=%2Fwp%2Fv2%2Fcomments&post=162"}],"version-history":[{"count":3,"href":"https:\/\/noktakoltukyikama.com.tr\/index.php?rest_route=\/wp\/v2\/pages\/162\/revisions"}],"predecessor-version":[{"id":8067,"href":"https:\/\/noktakoltukyikama.com.tr\/index.php?rest_route=\/wp\/v2\/pages\/162\/revisions\/8067"}],"wp:attachment":[{"href":"https:\/\/noktakoltukyikama.com.tr\/index.php?rest_route=%2Fwp%2Fv2%2Fmedia&parent=162"}],"curies":[{"name":"wp","href":"https:\/\/api.w.org\/{rel}","templated":true}]}}